 - 3. Let v = -657 - l. What is the remainder when 236 is divided by v?
15
Let o = -932 + 1008. What is the remainder when 648 is divided by o?
40
Suppose 227*z + 1088 = 243*z. What is the remainder when 246 is divided by z?
42
Let y = 103 + -85. Suppose y*x - 15*x = 84. Suppose -5*j + 3*b = -439, -4*b - x = -j + 53. Calculate the remainder when j is divided by 10.
9
Let l(z) = 6*z**2 - 69*z + 599. Calculate the remainder when l(41) is divided by 271.
268
Suppose x + 3*k - 106 = 0, 85 + 100 = 2*x - 3*k. Calculate the remainder when 208 is divided by x.
14
Suppose -i - 15 = -b, 0 = -b - 4*i + 8*i + 18. What is the remainder when 436 is divided by (-1)/b - (-6165)/70?
84
Let u be 3 + -2 + -1 + 4 + -137. Let x = u - -294. What is the remainder when x is divided by 50?
11
Let i = -610 + 579. Calculate the remainder when 72 is divided by (-75)/(-18)*(-186)/i.
22
Suppose 36*x + 3*m = 34*x + 1469, m = 4*x - 2931. Calculate the remainder when x is divided by 2/3*(-60)/(-8).
3
Let j be (-2)/9 - 1081/(-207). Suppose 0 = j*n - 3*d, 3*n - 2*n = 3*d. Suppose -2*b + 139 + 295 = n. What is the remainder when b is divided by 11?
8
Suppose 7*p + 20 = 13. Let i(j) = 18*j**2 - 1 - 23*j**2 + 62*j**2. What is the remainder when i(p) is divided by 19?
18
Let f(y) = 56*y - 29. Let v be f(-7). Let s be (-1 - v) + 4/(-10)*-5. Let h = -253 + s. Calculate the remainder when h is divided by 43.
40
Let f(x) = 8*x + 17*x**2 - 291 + 2*x**2 + 305. Calculate the remainder when f(-4) is divided by 70.
6
Suppose 0 = -4*w + v + 1491, -w = -46*v + 41*v - 349. Calculate the remainder when w is divided by 80.
54
Let u(r) = -r - 4. Let n be u(-7). Suppose -135 = 2*m + 5*b, m + n*b + 25 = -44. Let j = -52 - m. What is the remainder when 47 is divided by j?
7
Let q(o) be the first derivative of 73*o**3/3 + 3*o**2/2 + 4*o - 20. Let b be q(3). Suppose 6*k = 8 + b. Calculate the remainder when k is divided by 38.
37
Suppose 32 + 4 = 12*n. Suppose m - 4*c = -0*c - 6, -n*m + 3 = -5*c. Let b(h) = 2*h - 1. Calculate the remainder when b(8) is divided by m.
3
Suppose -6*l - 4*z + 1 = -3*l, 18 = 4*l - 3*z. Suppose 0 = 3*k + l, -3*r + r + 46 = 2*k. Calculate the remainder when (-71)/((-1 + 2)*-1) is divided by r.
23
Let y = -1 - -2. Let a(n) = -3 - 33*n + 117*n - 18*n + 96*n. Calculate the remainder when a(y) is divided by 18.
15
Suppose -40 = -7*s - 138. Suppose -2*o + 40 = 2*g, 2*g + 2*o - 55 = -g. What is the remainder when (-386)/s + 24/(-42) is divided by g?
12
Let n be (-56)/(-896) - 255/(-16). Let z(u) = u**3 - 18*u**2 + 35*u - 9. Calculate the remainder when 111 is divided by z(n).
33
Suppose -4*g - 66 = 50*m - 55*m, -90 = -4*m - 3*g. What is the remainder when 1618 is divided by m?
16
Suppose -4*s + 1297 = -3*j - j + 185, 0 = 4*j. Calculate the remainder when s is divided by 112.
54
Let r(y) = 50*y**2 + 3 - 30*y**2 + 0*y - y. Calculate the remainder when r(1) is divided by 8.
6
Suppose -15*w + 18*w - a - 17 = 0, -4*a - 23 = -3*w. Let g = -14 + 27. Suppose 0 = -2*t + 3 + g. What is the remainder when t is divided by w?
3
Suppose -17890 = -99*g - 1951. Calculate the remainder when 658 is divided by g.
14
Suppose -8*v + 2893 = 637. Let t = v + -207. Calculate the remainder when 218 is divided by t.
68
Let f(g) be the third derivative of 29*g**5/60 - g**3/6 - 9*g**2. Suppose n = 3*n + 2. What is the remainder when f(n) is divided by 10?
8
Let w(z) = -z**3 + 12*z**2 + 101*z + 136. What is the remainder when -1 - (118 + 0)/(-1) is divided by w(18)?
7
Let o(y) = -y**3 - 4*y**2 - 3. Let p be o(-5). Let d = 29 + p. Let i = 74926 + -74917. What is the remainder when d is divided by i?
6
Suppose 12069 - 2709 = 260*p. Calculate the remainder when 3489 is divided by p.
33
Calculate the remainder when (19/((-190)/4))/((-4)/5170) is divided by 102.
7
What is the remainder when 69*-2*(-244)/366 is divided by 68?
24
Let r(t) = t**3 + 1 - 3*t**2 + 2*t + t - 5*t. Suppose -81 = i + q - 101, -2*i + 5*q - 9 = 0. What is the remainder when r(5) is divided by i?
2
Suppose -1506 = 3*u - 24*u + 90. What is the remainder when 821 is divided by u?
61
Let c = 878 + -869. What is the remainder when 572 is divided by c?
5
Let u = -1261 + 6929. Calculate the remainder when u is divided by 162.
160
Suppose -y - 35*y + 34079 = 17*y. Calculate the remainder when y is divided by 82.
69
Suppose 4*a - 2 = 2*l, 4*l - 4*a - 7 = -l. Suppose -4*j = -l*j - 107. What is the remainder when j is divided by 25?
7
Let l be ((-16)/4 - -17)*(1 + -2). Let v = -40 - l. Let j = -16 - v. Calculate the remainder when 37 is divided by j.
4
Let x = 1835 + -1811. Calculate the remainder when 3164 is divided by x.
20
Let t(h) = -458*h + 5970. Suppose 70 = 2*c + 4*z - 86, c = 5*z + 57. What is the remainder when c is divided by t(13)?
8
Suppose 1071 = 4*n + 4*z - 1437, 0 = -n + 2*z + 615. Calculate the remainder when n is divided by 599.
24
Let u(z) = -2*z**2 + 4*z + 12. Calculate the remainder when 2 + 12/(-4) + 20 is divided by u(3).
1
Let r(f) = 6*f**3 - 235*f - 13 - 11*f**3 + 4*f**2 - 3*f**2 + 223*f. What is the remainder when r(-4) is divided by 93?
92
Let j(f) = 13*f - 8. Let t be j(2). Suppose -569 - 7 = -t*o. What is the remainder when o is divided by 7?
4
Suppose -2*j + 124 = 5*r, j - 48 = 2*r - r. Let l = 13851 + -13648. What is the remainder when l is divided by j?
47
What is the remainder when 316 is divided by 2 - (-9 - -9)/(-14)?
0
Suppose 3*f - 498 = -0*f. Suppose 72*m = -5*m + 3234. Calculate the remainder when f is divided by m.
40
Let y(c) = 133*c + 732. Calculate the remainder when y(10) is divided by 59.
56
What is the remainder when (-627660)/(-100) + (-3)/5 is divided by 73?
71
Suppose -5*x - 4*r = -191, -6*r - 200 = -5*x - r. Let m = -16 - -40. What is the remainder when x is divided by m?
15
Suppose -48*m + 2*m + 2497 + 2885 = 0. Calculate the remainder when 274 is divided by m.
40
Suppose -18*f + 4176 = -10*f. Let c = f + -461. What is the remainder when 302 is divided by c?
58
Let w = -2556 - -3124. What is the remainder when w is divided by 22?
18
Suppose 0 = -0*l - l + 4*j + 431, 0 = 2*j + 6. Let v = l + -257. What is the remainder when v is divided by 15?
12
Suppose 2*x - 323 = 171. Suppose -1207 + x = -16*f. Calculate the remainder when f is divided by 23.
14
Suppose -94 = -4*z + 4*u + 822, 3*u = 5*z - 1135. Let v = z - 113. What is the remainder when v is divided by 56?
55
Let n = 64 - 22. Let f(a) = -a**3 + 17*a**2 + 644*a - 284. Calculate the remainder when f(35) is divided by n.
38
Suppose 0 = 6*q - 58 - 980. Suppose 20*a = 7 + q. Calculate the remainder when (1/(-2))/(2/(-64)) is divided by a.
7
Let i be (30/25)/((-12)/520). Let h = i + 53. Calculate the remainder when 25 is divided by (-1)/(3/(-21)*h).
4
Let f(p) = p**3 + 15*p**2 + 32*p + 17. Let w be 16/6*144/(-32). Calculate the remainder when f(w) is divided by 38.
27
Suppose -146 = -x - 2*t, -5*t + 239 + 48 = 2*x. What is the remainder when 452 is divided by x?
140
What is the remainder when 2939 is divided by ((-28)/63)/2 - 17/((-153)/1262)?
139
Suppose 35*j = 37*j - 15*j + 130. Calculate the remainder when 17 is divided by j.
7
Suppose 96*a + 480 = -162*a + 5898. What is the remainder when 6928 is divided by a?
19
Suppose 0 = -3*q + 49 - 13. Suppose 55 = -6*l - 215. What is the remainder when (-10)/(-75) - 2649/l is divided by q?
11
Suppose -4*d + 3*z - 603 + 741 = 0, -27 = -d - 3*z. Suppose -p + 0*p + 251 = -5*s, -777 = -3*p + 3*s. Calculate the remainder when p is divided by d.
30
Let h(r) = -955*r - 1889. Suppose 232 = 5*y - 278. Calculate the remainder when y is divided by h(-2).
18
Suppose 0 = -17*t + 7*t + 3600. Suppose 11*v = -19*v + t. What is the remainder when v is divided by 3?
0
Let x = 433 - 421. What is the remainder when 78 is divided by ((-70 - 7) + x)*(-4)/10?
0
Let m be ((-4)/(-3))/((-21)/(-189)). Suppose m*q - 9*q + 3 = 0. Calculate the remainder when 1105/68 + q/4 is divided by 4.
0
Let x = -199 + 332. Let g = x - 107. Suppose -6*u = -3*u - 228. Calculate the remainder when u is divided by g.
24
Suppose 0 = 68*q - 60*q + 16. Let x(d) = -16*d - 23. What is the remainder when 60 is divided by x(q)?
6
Let n be 68/((-3)/(60/8)). Let o = 84 + n. Let m = -47 - o. What is the remainder when m is divided by 8?
7
Suppose -4*z + 364 = -5*